alculate the remainder when (-115)/(-2)*36/10 is divided by 52.
51
Suppose 2*a + 4 + 4 = 0, 5*s + 5*a = 80. Suppose z = -1 + 12. What is the remainder when s is divided by z?
9
Let w = 58 + -43. Calculate the remainder when 59 is divided by w.
14
Suppose 2*l + 68 = 6*l. Calculate the remainder when l is divided by (-6)/(-18) - 17/(-3).
5
Let j(a) = a**2 - 10*a + 9. Let s be j(9). Suppose t + 2*t - 24 = s. Calculate the remainder when t is divided by 5.
3
Suppose a + 3 = 3*m - 0, -a - 8 = -4*m. Calculate the remainder when 23 is divided by a.
11
Let n = -3 - -5. Suppose -4*o = y - 55, n*o + 4*y - 25 = o. What is the remainder when 23 is divided by o?
10
Let q(b) = b**2 - 3*b + 11. Calculate the remainder when 27 is divided by q(4).
12
Suppose -5*y = 34 - 1044. What is the remainder when y is divided by 17?
15
Let v = 41 - 21. Suppose -5*m + v = -0*m. Suppose -2*a = -4*b + 14, -b - 4*b + 10 = -4*a. What is the remainder when b is divided by m?
2
Let o(q) = -q - 1. Let m(a) = -6*a + 2. Let w(k) = m(k) + 5*o(k). Calculate the remainder when w(-2) is divided by 7.
5
Suppose 0 = -4*u + 5*k - 14 + 5, 5*u - k - 15 = 0. Suppose 3*h - 2*t = 2*h + 29, -3*h + 85 = -u*t. Calculate the remainder when h is divided by 14.
13
Suppose -4*w + 36 = 2*c, -6 = c + 4*w - 32. What is the remainder when c is divided by 3?
1
Suppose 0*j + 3*j - 129 = 0. Calculate the remainder when j is divided by (-10)/4*(4 - 10).
13
Suppose u - 48 = -3*f, 0 = 2*f + 3*u - 5*u - 24. Suppose 0*d + 219 = 5*d - 4*y, 5*d - 2*y = 217. Calculate the remainder when d is divided by f.
13
Let m(p) = -p**3 - 4*p**2 + 9*p - 7. Let u be m(-7). Suppose -3*w + u = 4*w. Calculate the remainder when 41 is divided by w.
8
Suppose 9 = -q - 2*s + 248, 4*q - 940 = -4*s. Suppose 0 = 4*i - i - q. Calculate the remainder when i is divided by 26.
25
Suppose 0 = -5*p + 159 - 39. Let s = p + -9. Suppose -4*w + 137 = -w + 5*n, 3*w = -2*n + 134. What is the remainder when w is divided by s?
14
Let p = 4 + 0. Let s(a) = -a**3 + 5*a**2 - a - 5. Calculate the remainder when 20 is divided by s(p).
6
Suppose 3*y - 73 = -4*p + 4*y, 3*p = -4*y + 50. Calculate the remainder when p is divided by 5.
3
Let w = -12 + 23. What is the remainder when w is divided by 4?
3
Let s = 23 + -17. What is the remainder when 21 is divided by s?
3
Suppose 4*g = -0*x + 2*x + 12, -2 = g + 2*x. Suppose -4*i - 3 = r, i = g*r - 3*i - 42. Let y = 2 - -47. Calculate the remainder when y is divided by r.
10
Let j = -25 - -28. What is the remainder when 6 is divided by j?
0
Let u(q) = -q**2 - 6*q - 2. Let d be u(-5). Let w = d - 1. Suppose -4*v + 114 = 4*c - w*v, 0 = -5*c + v + 160. Calculate the remainder when c is divided by 11.
9
Suppose 0 = -5*v - 5*o + 45, -4*v + 3*o = -v - 27. What is the remainder when 33 is divided by v?
6
Suppose -2*m = 3*v + 22, -3*m = -8*m + 3*v - 13. Calculate the remainder when 2 is divided by ((-4)/10)/(1/m).
0
Let a = 16 - -1. Suppose a = 2*c - 5. What is the remainder when 21 is divided by c?
10
Suppose 0*t = t - 20. What is the remainder when 37 is divided by t?
17
Let f(j) = -j**3 + 7*j**2 - 6*j + 4. Let k be 7/(7/2)*-1. Let s(n) = -5*n**3 + 3*n**2 + 2*n - 2. Calculate the remainder when s(k) is divided by f(5).
22
Let j(h) = h**3 - 2*h**2 - 6*h + 7. What is the remainder when 206 is divided by j(5)?
50
Let o = 63 - 49. Calculate the remainder when 110 is divided by o.
12
Suppose -5*l - 385 = 5*i, -i - 27 - 65 = -2*l. Let j = -33 - i. What is the remainder when j is divided by 17?
15
What is the remainder when (-9)/(24/(-4) + 5) is divided by 6?
3
Let t = 29 + -28. What is the remainder when 1 is divided by t?
0
What is the remainder when 110 is divided by 1/(-4 - (-298)/74)?
36
Let x(m) = m**3 - m**2 + m + 26. Suppose -2*a + 8 = -52. Suppose -a = -2*p - 3*b, 2*p + 2*p = -4*b + 52. What is the remainder when x(0) is divided by p?
8
Suppose 0*t - 4 = -2*t. Suppose 4*i + 0*m = -5*m + 121, 0 = t*i - m - 71. What is the remainder when i is divided by 9?
7
Let w = -41 - -71. Calculate the remainder when w is divided by 14.
2
Let n(o) = 6*o**2 - 2*o - 2. What is the remainder when 51 is divided by n(2)?
15
Suppose 0 = u + 4*g - 3*g - 39, 2*g = 5*u - 223. Let v(q) = 14*q**2 + 2*q - 1. What is the remainder when u is divided by v(1)?
13
Suppose -3*q = -6*q. Suppose -2*o = -q*o - 32. Suppose -4*a + 17 + 187 = -4*z, -5*a + 239 = -z. Calculate the remainder when a is divided by o.
15
What is the remainder when 10 is divided by 7 + -1 - -1 - 1?
4
Suppose -4*o = -5*u - 148, -5*u = 3*o - 65 - 46. What is the remainder when 108 is divided by o?
34
Suppose -3*y + 3 = 2*k, -2*k - y + 4*y + 9 = 0. Let v(q) = -q**2 + k + 0*q**2 + q - 6*q. Calculate the remainder when 35 is divided by v(-3).
8
Let m = -11 - -52. What is the remainder when 122 is divided by m?
40
Suppose 0 = -5*v + 5 + 10. Suppose 0 = z + 3*i - 7*i - 8, v*z + i - 24 = 0. Calculate the remainder when 14 is divided by z.
6
Let x = 42 + -10. Suppose 0 = -2*y, -2*w = 2*y + 3*y - x. Let b(k) = 4*k + 3. Calculate the remainder when b(7) is divided by w.
15
Suppose 2*n + 2*n = -24. Let h be 32/6 + n/(-9). Suppose 2*x + 5*t = x + h, -3*t = -4*x + 24. What is the remainder when x is divided by 4?
2
Suppose 0 = -h + 2, -61 = 4*x - 7*x - 5*h. Let i = 12 - 18. What is the remainder when x is divided by 2/i - (-155)/15?
7
Suppose 63*a - 40 = 59*a. What is the remainder when a is divided by 5?
0
Let y = 185 + -173. What is the remainder when 105 is divided by y?
9
Let q = 23 - 8. Suppose 0 = -5*c + 15 + q. Let v = 4 + 5. What is the remainder when v is divided by c?
3
Let w(u) = -2*u + 45. Let a = 33 - 22. Calculate the remainder when a is divided by w(19).
4
Let k be 3/12 - 11/(-4). Let x be 476/10 - 2/(-5). Suppose -k*z = 14 - 5, 2*z = 3*q - x. What is the remainder when 27 is divided by q?
13
What is the remainder when 78 is divided by 16 + -1 + 0 + 3 + 3?
15
Let i = 41 + -24. Let l(w) = w**2 + w - 6. Calculate the remainder when l(7) is divided by i.
16
Suppose -3*a + 8 = -1. Suppose 0 = 3*c + 2*k + 1, a*c + 3*k + 5 = 2*c. Calculate the remainder when 1 is divided by c.
0
Let y be (-11 - -1)*56/70. Let t = y + 26. Calculate the remainder when 50 is divided by t.
14
Let q(w) = -3*w - 1. Suppose 4*c = l - 12, 3*l + 2*c = 56 - 20. What is the remainder when l is divided by q(-2)?
2
Suppose 0*d + 4*d - 12 = 0. Calculate the remainder when 3 is divided by d.
0
Suppose -2*i + 60 = 3*i. Suppose -a + i = -3*x, -a = -3*a + 3*x + 39. Calculate the remainder when a is divided by 14.
13
Suppose 4*w + 49 = -27. Let s = 4 + w. What is the remainder when 14 is divided by (-1 + -9)*6/s?
2
Let v(z) = -3*z + 2. What is the remainder when v(-6) is divided by (-66)/(-9) + (-2)/6?
6
Let v(r) = 50*r - 3. Calculate the remainder when v(2) is divided by 14.
13
Let x(f) = 9*f**2. Let c = 3 - 2. What is the remainder when x(c) is divided by 5?
4
Let t = -34 - 18. Let y = -30 - t. What is the remainder when 62 is divided by y?
18
Suppose -2*p = -3*y - 6, y - 6 + 1 = 3*p. Let r be (3 - 3)/2 - p. Suppose -5*s - r*k + 102 + 28 = 0, k - 5 = 0. Calculate the remainder when s is divided by 13.
10
Let a(x) = 3*x - 3. What is the remainder when 27 is divided by a(6)?
12
Let b = 27 - 20. Calculate the remainder when 2*(-13)/2*-2 is divided by b.
5
Let q = 21 + -18. Calculate the remainder when 4 is divided by q.
1
Suppose -350 = -5*m + 35. Calculate the remainder when m is divided by 16.
13
Let s(d) = d - 12. What is the remainder when 64 is divided by s(25)?
12
Let d(l) = -2*l - 5. Let o be d(-4). Suppose o*u + 18 = 4*u. Let h = -18 + 23. What is the remainder when u is divided by h?
3
Calculate the remainder when (-61)/(-2)*(5 + 7)/6 is divided by 21.
19
Let d = -115 + 180. Calculate the remainder when d is divided by 19.
8
Suppose 2*z = -3*z. Suppose 2*r - 3*v - 22 = 0, -4*r + 3*v - 11 + 55 = z. What is the remainder when 30 is divided by r?
8
Let u = -54 - -61. Calculate the remainder when u is divided by 6.
1
Let h = -14 + 24. Calculate the remainder when 76/2 + 0/(-1) is divided by h.
8
Suppose -4*h = -2*h - 4*r - 38, -3*h - 3*r = -48. Let f = -1 + 1. Let q = f + 6. What is the remainder when h is divided by q?
5
Let g = 29 - 26. What is the remainder when 4 is divided by g?
1
Let d = -11 + 23. What i